3*k**2 - 14. Suppose 25*v = 5*q + 32*v, -2*q = -v. What is t(q)?
-14
Let u(j) be the second derivative of j**4/6 - 8*j**3/3 + 2*j**2 - 18*j - 14. Give u(7).
-10
Let c(q) be the third derivative of -q**6/120 - 7*q**5/60 + q**3 + q**2 + 285. Determine c(-7).
6
Let g be (70/60 - (-1)/(-6))*3. Suppose 3*n = -1 + 4. Let j(i) = -i**2. Let h(r) = 4*r**2 + r + 1. Let t(q) = g*j(q) + n*h(q). Calculate t(-2).
3
Let d(u) be the third derivative of -1/60*u**5 + 0 - 2/3*u**3 + 0*u - 4*u**2 - 1/6*u**4. Let i(h) = -4*h**3 + 11*h**2 + 26*h - 74. Let m be i(3). What is d(m)?
-9
Let g(u) = -9*u - 28. Suppose 155*d + 888 - 462 = -814. Calculate g(d).
44
Let v(y) = -4*y + 2. Let c = -18 + 18. Suppose -2*g - 4*w + w - 15 = c, -w = -g. Let a(j) = -5*j + 3. Let x(i) = g*a(i) + 4*v(i). What is x(0)?
-1
Let g(n) = -106*n**2 - 47*n**2 + 152*n**2 - 12*n - 7. Calculate g(-9).
20
Let p(c) = -53 + 38 + 5*c + 84. Let x be p(-13). Let k(m) = 3*m**2 - 3*m - 1. Let v(t) = 4*t**2 - 2*t. Let a(d) = -3*k(d) + 2*v(d). Determine a(x).
7
Let p(j) be the third derivative of -j**4/2 - 55*j**3/6 - 3*j**2 + 106. Determine p(-4).
-7
Let x(n) = n**2 + 9*n + 6. Suppose w + y + 4*y = -18, 3*w - 10 = y. Suppose i = 1, 4*b - i = -w*i + 13. Suppose 91 = -b*g - 10*g. Give x(g).
-8
Let u(m) = -259 - 24*m**3 - 3*m + 8*m**3 + 258 + 5*m**2 + 7*m**3 + 8*m**3. What is u(6)?
-55
Let f(s) = 5*s + 61. Let i(y) = 2*y + 26. Let v(l) = -3*f(l) + 7*i(l). What is v(-3)?
2
Suppose 1653*a - 10 = 1658*a + 5*z, -4*a = z + 5. Let s(t) = 11*t. Determine s(a).
-11
Let q be 45/60 + (-23)/4. Let d(o) be the third derivative of -16*o**2 - 1/2*o**3 + 1/15*o**5 - 7/24*o**4 + 0*o + 1/120*o**6 + 0. What is d(q)?
7
Let i(n) = 4*n**3 + 13*n**2 - 30*n - 11. Let w(m) = -3*m**3 - 11*m**2 + 20*m + 10. Let a(q) = 2*i(q) + 3*w(q). Suppose 2*s + 18 = 4. Give a(s).
8
Let g = -14 - 1. Let k(o) = -21*o**2 - 5*o + 27. Let x(n) = 17*n**2 + 7*n - 22. Let r(b) = -4*k(b) - 5*x(b). What is r(g)?
2
Let u = -66 - -65. Let g(z) = -7*z - 7. Let n(w) = w. Let r(l) = u*g(l) - 4*n(l). What is r(-3)?
-2
Let p(n) = -17*n - 30. Let f be ((-7)/21)/(2/30). Let l be p(f). Suppose 0 = -7*r - l + 13. Let v(o) = -o**2 - 6*o - 5. Calculate v(r).
-5
Let z = 7229 + -7231. Let p(n) = 9*n**2 - 4*n - 2. Determine p(z).
42
Let l(m) = 11*m + 3. Suppose 28 = h + 26. What is l(h)?
25
Let k(g) = -15 - 29 + 42 + 5*g - g. Determine k(7).
26
Let j(a) = 8*a**2 + a - 5. Suppose -7*b = -4*b - 6*v + 39, -b + v = 8. Calculate j(b).
64
Suppose -37 = -2*v - 9*b + 4*b, 4*v - 3*b = 35. Let n(g) = v + 14 + g - 22. Let a(x) = -x**3 - 6*x**2 - 3*x + 7. Let t be a(-5). Give n(t).
0
Let f be (71 - 85 - (0 - 4))/(3/(6/(-4))). Let q(r) be the second derivative of -3/2*r**2 + r + 1/12*r**4 + 0 - 1/3*r**3. Determine q(f).
12
Let s(w) = -3*w**3 + 10*w**2 - 23. Let n(g) = -5*g**3 + 16*g**2 - 36. Let b(y) = -5*n(y) + 8*s(y). Calculate b(3).
23
Let c(r) = -4*r**2 + 31*r - 62. Let p be c(4). Let z(d) = 5 + 0*d + 9*d - 3 - 5*d. Calculate z(p).
-6
Let k be 4*(-5)/4 - -8. Let p(d) = -d**3 + 10*d**2 + 7*d + 2*d**k - 36 + 43 - 4*d**2. Calculate p(-6).
-35
Let p(o) be the first derivative of o**3/3 + o**2/2 - o - 6790. Suppose -y + 2*k = 2*y + 13, y + 5*k - 7 = 0. Give p(y).
5
Let j(s) = 119*s - 294*s + s**3 - 5 + 173*s - 3*s**2. Let b(u) = u + 4. Let g be b(0). Calculate j(g).
3
Suppose -2162*c + 2*s = -2165*c + 56, 3*c = s + 44. Let q(i) = 6*i - 33. Calculate q(c).
63
Let m(u) = 8*u**2 + 2*u - 1. Let h = 38 + -28. Suppose 16*s = 13*s + 3*f - 15, -h = -s - 4*f. Calculate m(s).
27
Let s(n) = -n**2 + 7*n + 7. Let x(y) = -y**2 - 12*y - 8. Let m be x(-10). Suppose 4*z + 12 = m. Suppose -3*h + 12 = z, 4*q + 3*h - 20 = 5*h. Determine s(q).
7
Let l = 1034 - 552. Let z = l + -481. Let u(b) = 2*b + 4. Let t(j) = 2*j + 5. Let i(w) = 3*t(w) - 4*u(w). What is i(z)?
-3
Let a(u) = u**2 + 7*u - 1. Let y be (8/24)/((-1)/(-102)). Let v = 28 - y. Calculate a(v).
-7
Let m(k) = k**2 - 13*k + 21. Suppose -678 + 666 = -3*l. What is m(l)?
-15
Let f(l) = l**3 + 9*l**2 + 18*l. Let d(h) = h. Let k(j) = -4*d(j) + f(j). Let n = -133 - -126. Let q be k(n). Let p(g) = g + 5. Determine p(q).
5
Suppose 0 = -27*i + 85 + 671. Suppose 0*v + 2*v - 30 = 0. Let u(p) = i - 17 - v - p**2. Give u(0).
-4
Let i(z) = -14*z**2 + 19*z - 55. Let y(m) = 24*m**2 - 39*m + 112. Let o(s) = -5*i(s) - 3*y(s). What is o(8)?
-13
Let k(j) be the first derivative of -j**4/8 - j**3/6 - 3*j**2/2 - 10*j - 38. Let c(f) be the second derivative of k(f). Give c(-6).
17
Let y(r) be the second derivative of r**5/20 + 5*r**4/4 - 13*r**3/6 + 37*r**2/2 - 1043*r. Give y(-16).
-11
Let t(m) = -m**2 + 3*m - 3. Let n be -5 + 126/(-35) - (-2)/(-5). Let p(y) = -5*y**2 + 12*y - 12. Let x(s) = n*t(s) + 2*p(s). What is x(-4)?
-1
Let m be -8 - -1*(-6)/(-2). Let a(b) = b**2 + 5*b - 1. Let f be a(m). Let n(g) = -23*g**2 + 24*g**2 - g - 1 - 3*g**2. Determine n(f).
-2
Suppose -55 = 61*u + 311. Let s(m) = 6*m - 11. Give s(u).
-47
Suppose 20*s = 5*s - 45. Let t(c) = -c + 1. Let j(g) = -2*g - 2. Let d(f) = -j(f) + t(f). What is d(s)?
0
Suppose 0*h + 26 = 5*h + 3*n, 5*h - 4*n = 12. Let d(b) be the first derivative of -b**3/3 + 2*b**2 + 1864. What is d(h)?
0
Let s(r) = 3*r - 300 + 102 + 29 + 95. What is s(19)?
-17
Let z(y) = 7*y + 83. Let x(n) = -n - 9. Let u(b) = 6*x(b) + z(b). What is u(-9)?
20
Let f(a) = -23*a + 141. Let r(y) = -5*y + 28. Let q(o) = 2*f(o) - 11*r(o). Calculate q(5).
19
Let f = -18 + 21. Let l(r) = 7*r**2 + r**2 + 6 + 3*r**3 + 84*r - 4*r**f - 76*r. What is l(9)?
-3
Suppose -170 = 13*t + 77. Let i = -31 - t. Let m(f) = -f - 9. What is m(i)?
3
Let o(s) be the second derivative of s**4/6 - 4*s**3/3 - 5*s**2/2 - 57*s - 2. Determine o(5).
5
Let j(h) = 6*h - 84*h + 77*h. Let s be 14/(-6)*(3 + 0). Give j(s).
7
Suppose 3*j = 2*i - 16, -2*j + j - 4 = 0. Let o(c) = 3*c**3 + 2*c**2 + i - 2*c**3 + 2*c**2 + 5. Let v = 16 + -21. Calculate o(v).
-18
Let t(r) be the third derivative of -r**6/120 + r**5/15 + 37*r**2. Suppose -5*m = 3*x - 3*m - 41, 5*x - 4*m - 39 = 0. Let g be 0/x + 3 + 1. What is t(g)?
0
Let q(u) be the first derivative of u**3/6 - 13*u**2 + 140*u - 137. Let g(w) be the first derivative of q(w). Determine g(0).
-26
Let f(j) be the third derivative of 0*j + 38*j**2 - 1/6*j**4 - 1/30*j**5 - j**3 + 0. Determine f(-4).
-22
Let j(m) be the second derivative of -5*m**3/3 - 5*m**2 + 1128*m. Calculate j(6).
-70
Let d(z) = -2*z - 7. Let j(p) = 3*p + 14. Let o be 8/20 + 81/(-15). Let v(y) = o*d(y) - 3*j(y). Let r(w) = w**2 + 8*w - 15. Let u be r(-10). What is v(u)?
-2
Let l(j) = 38*j + 19. Let h(u) = -37*u - 1. Let o(s) = h(s) + l(s). Determine o(-20).
-2
Suppose -5*u = 2*j - 34, 3*j = 2 + 4. Let h(l) = -56 + 0*l**2 + 31 + l**2 + u*l + 24. Give h(-6).
-1
Let z(n) = n**2 + 5*n + 5. Let x(a) = -49*a + 19. Let l be x(4). Let p = l - -173. Give z(p).
1
Let r(l) = -2*l + 1. Let o(m) = m**2 - 19*m + 91. Let c be o(4). Suppose -4*u - c = -3*a, -a = -0*a - 1. Determine r(u).
15
Let n(u) = -u - 14. Suppose 11*a = -340 + 274. What is n(a)?
-8
Let n(m) = 3*m**2 - 2*m - 6. Let g(d) = d**2. Let b(u) = 2*g(u) - n(u). Let q(o) = 4 - 5*o + 3*o**2 - 21 - o. Let r(l) = 11*b(l) + 4*q(l). What is r(-2)?
6
Let v = 6596 + -6596. Let y(m) be the third derivative of -1/24*m**4 - 4/3*m**3 - 34*m**2 + 0*m + v. What is y(-10)?
2
Let b(v) = -7 - 4882*v**2 + 15*v - 4885*v**2 + 9765*v**2 - 3 - 4. What is b(9)?
-41
Let r = -181 - -183. Let y(x) = -4*x + 1 + 2*x + 18*x**r - 43*x**2 + 21*x**2. What is y(2)?
-19
Let l(a) = 31*a + 21*a + 24 + 26*a - 70*a + 12*a. Give l(-1).
4
Suppose -14*v = -47*v + 8382. Let u(s) = 268*s - 8 + s**2 - v*s - 3*s**2. Give u(6).
4
Let j be 13/84 + 109/(-1526). Let t(v) be the second derivative of 1/3*v**3 + 0 + j*v**4 - 30*v - 7/2*v**2. Determine t(-6).
17
Suppose 5*k = -3*f - 3, -5*f - k + 5 = 4*k. Suppose -x - 9 = 2*y, 2*x - f*y - 13 = 9. Let m(a) be the first derivative of -4*a**2 + 2. Determine m(x).
-8
Suppose -2*m = 2*z + 66, 3*m - 30*z + 92 = -26*z. Let k(p) = -p**2 - 32*p - 6. Determine k(m).
-6
Let s be 4*(175/(-20) + 8). Let j(q) = q**3 + q**2 - 9*q - 12. Calculate j(s).
-3
Let g(b) = 3*b**2 - 21*b + 2. Let r(l) = 38*l - 3. Let q(m) = -5*g(m) - 3*r(m). What is q(-1)?
-7
Let k(f) be the first derivative of 5*f**2/2 + 97*f - 13575. What is k(-19)?
2
Let c(f) = -f**2